e highest common divisor of w and 24.
6
Let m be (-12)/16*1*-48. Suppose -4*p + 16 = -2*x - 24, 0 = x - 2. Let q be ((-1)/(-1) - 3) + p. Calculate the greatest common factor of m and q.
9
Let v(t) = 2*t + 4. Let p be v(19). Let s(i) = i**3 - 7*i**2 + 4*i. Let y be s(7). Calculate the highest common divisor of p and y.
14
Let i = -48 + 96. What is the highest common factor of 6 and i?
6
Let y = -8 - -3. Let z be 18/(1/y*-1). Calculate the greatest common factor of z and 18.
18
Suppose -m = -4*n - 7, -2*m = -4*n - 13 + 3. Suppose 3*a - 2*v - 436 = -m*v, -a - 3*v = -156. What is the highest common factor of a and 16?
16
Let z be (-18 - 0)/(6/(-4)). Let j be (-2)/(8/(-196)) + -1. What is the highest common divisor of z and j?
12
Let z be (-4)/(-10)*(28 - -2). Suppose 187 = 11*h + 55. Calculate the highest common divisor of z and h.
12
Let f(i) = i**3 - 5*i**2 - i + 51. Let k(r) = -r**2 + 1. Let o(c) = f(c) - 5*k(c). Let y be o(0). Calculate the greatest common divisor of 23 and y.
23
Suppose 4*v - w = 68, 0*w - 5*w = 5*v - 110. Let h(d) = 18*d**2 + 8*d + 5. Let j be h(-5). Suppose 3*l = 71 + j. What is the greatest common divisor of l and v?
18
Let z = 454 - 220. Calculate the highest common factor of z and 26.
26
Let y(o) = 4*o - 5*o - 4 + 2*o + o**2 - 4*o. Let i be y(9). Calculate the greatest common factor of i and 20.
10
Let d = 5 + -2. Let a be (-2)/(-6)*(d - -3). Calculate the greatest common divisor of a and 18.
2
Let p(g) = g**2 - 9*g - 7. Let o be p(10). Suppose o*r = 87 + 243. What is the highest common divisor of 10 and r?
10
Let r = -82 + 91. Let i(s) = 2*s - 2. Let h be i(3). Let v(p) = 3*p**2 - 4*p - 5. Let t be v(h). What is the highest common factor of r and t?
9
Let u be ((2 - 3) + -5)*-3. Calculate the highest common divisor of u and 6.
6
Let d = 509 - 167. What is the highest common factor of 38 and d?
38
Let k be 2 + 2 + 0 - 2. Let c be (-5)/k*22 + 2. Let r be -1*1 + (3 - c). Calculate the greatest common factor of 22 and r.
11
Suppose -2*x - 324 = -5*x. Suppose -10 = o - 3*o. Suppose 44 = 4*t - 4*l, o*t - 59 = 3*l - 2*l. Calculate the greatest common divisor of t and x.
12
Suppose -3*t = -t - 22. Let i = t - -7. What is the highest common divisor of 9 and i?
9
Let b be 2/9 + 136/36. Suppose -2 = -3*t + b. Let k be 13/t*1*2. Calculate the greatest common divisor of 52 and k.
13
Let u(i) = i**3 + i**2 + i + 30. Let a be u(0). Suppose -5*v + a = w, -2*v = 3*w + 2*w - 35. Let r = -1 + 3. Calculate the greatest common divisor of v and r.
1
Let z(d) = d**2 + 9*d + 16. Let l be z(-8). What is the highest common divisor of 24 and l?
8
Let m(s) = 2*s**2 - 7*s - 11. Let n be m(7). What is the greatest common divisor of 19 and n?
19
Let d(k) be the second derivative of 5*k**3/6 + k**2/2 + 2*k. Let f be d(2). Let z = -35 - -156. Calculate the greatest common divisor of f and z.
11
Let v(j) = -12*j - 6. Let w be v(-4). Let g be 0 + 0 - -1 - -5. Calculate the greatest common divisor of w and g.
6
Let z be ((-28)/16)/(2/(-184)). Let o = z - 77. Let d(b) = -6*b. Let n be d(-2). What is the highest common factor of n and o?
12
Suppose 66*x - 71*x = -220. Calculate the greatest common factor of 110 and x.
22
Let f = 5 - 2. Let t(i) = 26*i + 2. Let g be t(f). Suppose -65 - 45 = -11*u. Calculate the highest common factor of g and u.
10
Suppose -310 = -q + s - 3*s, -2*s - 914 = -3*q. Calculate the greatest common factor of 34 and q.
34
Suppose 0 = -w - 0*w + 40. Let s = -5 - -10. What is the highest common factor of s and w?
5
Let r(b) be the third derivative of 11*b**4/24 + b**3/3 + 9*b**2. Let g be r(1). What is the highest common factor of g and 26?
13
Let k = -10 + 8. Let q(g) = -2*g**3 - 3*g**2 - 2*g + 2. Let v be q(k). Suppose -3*w = -5*w + v. What is the greatest common divisor of 5 and w?
5
Let u = -20 - -6. Let k be 14/4*(-40)/u. Calculate the highest common factor of 25 and k.
5
Suppose -3*k + 4*q = k - 364, 448 = 5*k + 2*q. What is the greatest common divisor of 60 and k?
30
Let g = 2 - 4. Let k be 6/(g*(-9)/12). Let s = k - -4. Calculate the highest common divisor of 12 and s.
4
Let i be 5 + 1/(-2)*-494. What is the greatest common factor of 28 and i?
28
Let u(v) be the second derivative of v**3 - v**2/2 - v. Let d be u(4). Suppose -d = -3*a + 4. What is the greatest common factor of a and 81?
9
Let d be -3 + -1*(1 - 38). Let g = d - -22. What is the greatest common divisor of 84 and g?
28
Suppose u - 2 = -0*u, 5*u + 215 = z. What is the highest common divisor of 25 and z?
25
Let d be (-45)/6*1*-2. Let l = -24 - -45. Let n be 7/l + (-17)/(-3). Calculate the greatest common divisor of n and d.
3
Suppose 0 = 4*l - 35 - 5. Calculate the highest common factor of l and 50.
10
Suppose 0 = 5*w - 168 + 28. What is the highest common divisor of 70 and w?
14
Let l = 9 - 7. Suppose -2*j + 18 = j. Suppose a - l = j. What is the highest common factor of 8 and a?
8
Suppose -4*y + 7 = -s, -5*y - 3*s - 2 = 2. Let u(x) = -x**2 + 5*x + 3. Let w be u(5). Calculate the highest common factor of y and w.
1
Let p = 6 - -3. Suppose 3*d + s = p, -2 = 2*d + 3*s - 1. Calculate the highest common factor of d and 20.
4
Let b be ((-81)/3)/(0 - 1). Suppose -5*p + b + 93 = 0. What is the greatest common divisor of p and 12?
12
Let j(r) = -2*r**2 + 2*r + 4. Let g be j(3). Let x = g + 14. Calculate the greatest common factor of x and 30.
6
Let j(l) = -l**2 - 6*l + 12. Let f be j(-7). Calculate the highest common factor of 45 and f.
5
Let h = 18 + -11. Let f = 148 - 76. Suppose f = -2*i + 170. Calculate the greatest common factor of i and h.
7
Suppose 0 = 4*j - 2*j + 110. Let h = -36 - j. Calculate the greatest common divisor of 152 and h.
19
Let x = -11 - -9. Let l be (x - -4 - 13)*-2. Calculate the highest common factor of l and 11.
11
Let p be ((-2)/4)/((-3)/60). Let x(s) = -2 - 3*s + 3*s + p*s. Let l be x(2). What is the greatest common divisor of l and 162?
18
Suppose r + 52 = 5*r. What is the greatest common factor of 65 and r?
13
Let h(f) = 252*f**2 - 2*f - 1. Let u = 23 + -24. Let m be h(u). What is the greatest common divisor of m and 23?
23
Suppose 5*y - 3*c - 77 = 0, 2*c - 90 = -4*y - 24. Calculate the greatest common divisor of 80 and y.
16
Suppose 5*g = -3 - 22. Let w(i) = i**2 - i + 4. Let u be w(g). Let p = u + -16. What is the highest common factor of p and 72?
18
Suppose -p - 4*p + 2*n + 20 = 0, 2*p + 11 = -3*n. Suppose -u - 16 = -p*u. Suppose 2*y - 152 + 56 = 0. What is the highest common divisor of u and y?
16
Let g(t) = -t**2 + 8. Let z be g(0). Suppose 3*q - z = 2*l, 0*l + 2*l - 34 = -4*q. Let k be (18/(-2))/(21/(-154)). What is the highest common factor of q and k?
6
Suppose -4*u + 23 = 5*x - 5, -5*u + 18 = 2*x. Suppose -5*y + 48 = 2*v, 11 + 10 = u*y - v. Calculate the highest common divisor of 1 and y.
1
Let f(h) = -2*h**3 + 2*h + 5. Let n be f(-2). What is the greatest common factor of n and 17?
17
Let m(f) = f + 13. Let o(d) = -d**2 - 11*d - 9. Let w be o(-8). Let y = w + -25. Let n be m(y). What is the greatest common divisor of n and 27?
3
Suppose -4*c - v - v + 10 = 0, -5*v + 15 = 5*c. What is the highest common divisor of 16 and c?
2
Suppose 4*x - 6*x = -32. Calculate the greatest common divisor of x and 40.
8
Let s(h) = -12*h. Let y be s(-1). What is the greatest common divisor of 30 and y?
6
Let k = 7 - 11. Let b be k/(-6)*3/2. Suppose 2*d = -2*j + 14, -j + 0*j = -5*d + 47. What is the greatest common divisor of b and d?
1
Suppose 4*w - 5 = -w, -5*m + 141 = w. Calculate the greatest common divisor of m and 98.
14
Let f(o) = -5*o + 1. Let k be f(-4). Suppose -5*m - 11 - 4 = 0. Let s be 0 - -2 - 3/m. Calculate the highest common factor of k and s.
3
Suppose 6*j - 3*j + c = 13, 2*j - 10 = -c. Let o be ((-18)/(-4))/((-150)/24 + 7). Calculate the greatest common factor of o and j.
3
Let z(s) = s - 2. Let c be z(2). Suppose -l = g - 1, c = 5*g - 0*g + 3*l + 1. Let v be g/4 + (-444)/(-8). What is the greatest common factor of v and 5?
5
Suppose -d + 2 = -1. Let l(v) = -v**3 + 6*v**2 - 5*v + 3. Let n be l(d). Let i be 6/(-4) - n/(-2). What is the greatest common factor of i and 48?
6
Let f be (-133)/(-21) + (-1)/3. Let l = f + 4. What is the greatest common factor of l and 10?
10
Let u = -45 - -99. Let q = u + -37. Calculate the greatest comm